{"id":209,"date":"2020-12-08T10:11:26","date_gmt":"2020-12-08T10:11:26","guid":{"rendered":"http:\/\/rottweilerzwinger-vom-deisterhorst.de\/?page_id=209"},"modified":"2021-02-01T15:37:18","modified_gmt":"2021-02-01T15:37:18","slug":"zucht-2021","status":"publish","type":"page","link":"https:\/\/rottweilerzwinger-vom-deisterhorst.de\/?page_id=209","title":{"rendered":"zucht 2021"},"content":{"rendered":"\n<h1>Zucht 2021<\/h1>\n\n\n\n<p>Aus der Verbindung von Gauner vom Tanneneck und Franzi vom Norderdiek sind im vergangenen Jahr vorz\u00fcgliche Welpen hervorgegangen. Daher haben wir uns f\u00fcr eine Wurfwiederholung entschieden.<br><\/p>\n\n\n\n<p>Am 13. Januar wurden 9 gesunde Welpen geboren (4 R\u00fcden\/5 H\u00fcndinnen)<\/p>\n\n\n\n<p>Bei Interesse k\u00f6nnen Sie uns hier erreichen:&nbsp;<a href=\"http:\/\/rottweilerzwinger-vom-deisterhorst.de\/?page_id=33\">kontakt<\/a><br><\/p>\n\n\n\n<p>Liebe Gr\u00fc\u00dfe<\/p>\n\n\n\n<p>Euer Hans-Georg Diekmann<br><br><\/p>\n\n\n\n<figure class=\"wp-block-video\"><video controls src=\"http:\/\/rottweilerzwinger-vom-deisterhorst.de\/wp-content\/uploads\/2021\/02\/VID-20210131-WA0012-2.mp4\"><\/video><\/figure>\n\n\n\n<p><\/p>\n\n\n\n<p><a rel=\"noreferrer noopener\" href=\"https:\/\/www.working-dog.com\/breed\/vom-Deisterhorst-162879\" target=\"_blank\"><\/a><a href=\"https:\/\/de.working-dog.com\/breed\/vom-Deisterhorst-206686\" target=\"_blank\" rel=\"noreferrer noopener\">Zucht des Zwingers vom Deisterhorst auf working-dog.com<\/a><\/p>\n\n\n\n<p><\/p>\n\n\n\n<p><\/p>\n\n\n\n<h5>Gedanken zur Zucht:<\/h5>\n\n\n\n<p>Gauner vom Tanneneck ist ein sehr harmonischer, temperamentvoller und arbeitsfreudiger R\u00fcde mit hervorragenden Wesensanlagen (Weltmeister ADRK 2019). <br><br>Franzi von Norderdiek ist eine gro\u00dfe, kr\u00e4ftige, knochenstarke, vorz\u00fcgliche H\u00fcndin mit freundlichem Wesen und sehr guter Zuchtveranlagung. Diese Paarung verspricht sehr harmonische Welpen mit ausgezeichneten Wesens- und Gesundheitsanlagen. Arbeitsfreude gepaart mit vorz\u00fcglichem Formwert ist das Ziel dieser Zucht.<\/p>\n\n\n\n<h4>Franzi vom Norderdiek<\/h4>\n\n\n\n<p>BH, IPO I, ZTP<br>HD +\/-, ED frei,&nbsp;JLPP N\/N<\/p>\n\n\n\n<figure class=\"wp-block-image\"><img loading=\"lazy\" width=\"1024\" height=\"576\" src=\"http:\/\/rottweilerzwinger-vom-deisterhorst.de\/wp-content\/uploads\/2020\/01\/Franzi-1024x576.jpg\" alt=\"\" class=\"wp-image-190\" srcset=\"https:\/\/rottweilerzwinger-vom-deisterhorst.de\/wp-content\/uploads\/2020\/01\/Franzi-1024x576.jpg 1024w, https:\/\/rottweilerzwinger-vom-deisterhorst.de\/wp-content\/uploads\/2020\/01\/Franzi-300x169.jpg 300w, https:\/\/rottweilerzwinger-vom-deisterhorst.de\/wp-content\/uploads\/2020\/01\/Franzi-768x432.jpg 768w\" sizes=\"(max-width: 1024px) 100vw, 1024px\" \/><\/figure>\n\n\n\n<h4>Gauner vom Tanneneck<br>Platz 1&nbsp; &nbsp; &nbsp;Weltmeisterschaft ADRK&nbsp;2019<\/h4>\n\n\n\n<p>BH\/VT, IPO 3, IGP 3<br>JLPP-N\/N, HD-Frei, ED +\/- ,JLPP N\/N<\/p>\n\n\n\n<figure class=\"wp-block-image\"><img loading=\"lazy\" width=\"202\" height=\"267\" src=\"http:\/\/rottweilerzwinger-vom-deisterhorst.de\/wp-content\/uploads\/2020\/01\/Gauner-vom-Tanneneck-86888.jpg\" alt=\"\" class=\"wp-image-192\"\/><\/figure>\n\n\n\n<p>Yasemin mit Gauner vom Tanneneck bei der Unterordnung&nbsp; &#8211; Weltmeisterschaft des Allgemeinen Rottweiler Klubs 2019<br>Das Bild zeigt die Dynamik , den Ausdruck und die Arbeitsfreude von Gauner im Zusammenspiel mit seiner Hundef\u00fchrerin<\/p>\n","protected":false},"excerpt":{"rendered":"<p>Zucht 2021 Aus der Verbindung von Gauner vom Tanneneck und Franzi vom Norderdiek sind im vergangenen Jahr vorz\u00fcgliche Welpen hervorgegangen. Daher haben wir uns f\u00fcr eine Wurfwiederholung entschieden. Am 13. Januar wurden 9 gesunde Welpen geboren (4 R\u00fcden\/5 H\u00fcndinnen) Bei Interesse k\u00f6nnen Sie uns hier erreichen:&nbsp;kontakt Liebe Gr\u00fc\u00dfe Euer Hans-Georg Diekmann Zucht des Zwingers vom &hellip;<\/p>\n<p class=\"read-more\"> <a class=\"\" href=\"https:\/\/rottweilerzwinger-vom-deisterhorst.de\/?page_id=209\"> <span class=\"screen-reader-text\">zucht 2021<\/span> Weiterlesen &raquo;<\/a><\/p>\n","protected":false},"author":1,"featured_media":0,"parent":0,"menu_order":0,"comment_status":"closed","ping_status":"closed","template":"","meta":[],"_links":{"self":[{"href":"https:\/\/rottweilerzwinger-vom-deisterhorst.de\/index.php?rest_route=\/wp\/v2\/pages\/209"}],"collection":[{"href":"https:\/\/rottweilerzwinger-vom-deisterhorst.de\/index.php?rest_route=\/wp\/v2\/pages"}],"about":[{"href":"https:\/\/rottweilerzwinger-vom-deisterhorst.de\/index.php?rest_route=\/wp\/v2\/types\/page"}],"author":[{"embeddable":true,"href":"https:\/\/rottweilerzwinger-vom-deisterhorst.de\/index.php?rest_route=\/wp\/v2\/users\/1"}],"replies":[{"embeddable":true,"href":"https:\/\/rottweilerzwinger-vom-deisterhorst.de\/index.php?rest_route=%2Fwp%2Fv2%2Fcomments&post=209"}],"version-history":[{"count":13,"href":"https:\/\/rottweilerzwinger-vom-deisterhorst.de\/index.php?rest_route=\/wp\/v2\/pages\/209\/revisions"}],"predecessor-version":[{"id":237,"href":"https:\/\/rottweilerzwinger-vom-deisterhorst.de\/index.php?rest_route=\/wp\/v2\/pages\/209\/revisions\/237"}],"wp:attachment":[{"href":"https:\/\/rottweilerzwinger-vom-deisterhorst.de\/index.php?rest_route=%2Fwp%2Fv2%2Fmedia&parent=209"}],"curies":[{"name":"wp","href":"https:\/\/api.w.org\/{rel}","templated":true}]}}