{"id":294,"date":"2024-10-13T07:50:24","date_gmt":"2024-10-13T07:50:24","guid":{"rendered":"http:\/\/rottweilerzwinger-vom-deisterhorst.de\/?page_id=294"},"modified":"2024-10-13T08:04:29","modified_gmt":"2024-10-13T08:04:29","slug":"zucht","status":"publish","type":"page","link":"https:\/\/rottweilerzwinger-vom-deisterhorst.de\/?page_id=294","title":{"rendered":"zucht"},"content":{"rendered":"\n<p class=\"has-huge-font-size\">Zucht<\/p>\n\n\n\n<p>Unsere Hundezucht legt gro\u00dfen Wert auf Gesundheit, Charakterst\u00e4rke und rassetypische Merkmale. Hier finden Sie eine \u00dcbersicht \u00fcber die letzten Zuchten, ihre Eltern sowie die Welpen.<\/p>\n\n\n\n<h4><strong><a href=\"https:\/\/rottweilerzwinger-vom-deisterhorst.de\/?page_id=296\" data-type=\"page\" data-id=\"296\">Wurfplanung 2024<\/a><\/strong><\/h4>\n\n\n\n<p>Wir erwarten Anfang November 2024 einen Wurf von <strong>Neo vom K\u00f6nigsforst<\/strong> und <strong>Mandy vom Deisterhorst<\/strong>. Beide Elterntiere sind gesund und charakterstark, sodass wir vielversprechende Welpen f\u00fcr Familien und Hundesport erwarten. Reservierungen sind bereits m\u00f6glich.<\/p>\n\n\n\n<ul><li><strong>Eltern:<\/strong><ul><li><strong>R\u00fcde:<\/strong> Neo vom K\u00f6nigsforst<\/li><li><strong>H\u00fcndin:<\/strong> Mandy vom Deisterhorst<\/li><\/ul><\/li><\/ul>\n\n\n\n<p><\/p>\n\n\n\n<p><\/p>\n\n\n\n<p style=\"font-size:26px\">Fr\u00fchere Zuchten:<\/p>\n\n\n\n<h4><strong><a href=\"https:\/\/rottweilerzwinger-vom-deisterhorst.de\/?page_id=241\" data-type=\"page\" data-id=\"241\">Zucht 2022<\/a><\/strong><\/h4>\n\n\n\n<ul><li><strong>Eltern:<\/strong><ul><li><strong>R\u00fcde:<\/strong> Donner vom Illegries<\/li><li><strong>H\u00fcndin:<\/strong> Franzi vom Norderdiek<\/li><\/ul><\/li><\/ul>\n\n\n\n<h4><a href=\"https:\/\/rottweilerzwinger-vom-deisterhorst.de\/?page_id=209\" data-type=\"page\" data-id=\"209\"><strong>Zucht 2021 &#8211; Wurfdatum: 13. Januar 2021<\/strong><\/a><\/h4>\n\n\n\n<ul><li><strong>Eltern:<\/strong><ul><li><strong>R\u00fcde:<\/strong> Gauner vom Tanneneck<\/li><li><strong>H\u00fcndin:<\/strong> Franzi vom Norderdiek<\/li><\/ul><\/li><li><strong>Welpen:<\/strong><ul><li>4 R\u00fcden<\/li><li>5 H\u00fcndinnen<\/li><\/ul><\/li><li><strong>Besonderheiten:<\/strong><ul><li>Alle Welpen sind gesund, charakterstark und werden nach bestem Standard aufgezogen.<\/li><\/ul><\/li><\/ul>\n\n\n\n<h4><a href=\"https:\/\/rottweilerzwinger-vom-deisterhorst.de\/?page_id=189\" data-type=\"page\" data-id=\"189\"><strong>Zucht 2020 &#8211; Wurfdatum: 08. M\u00e4rz 2020<\/strong><\/a><\/h4>\n\n\n\n<ul><li><strong>Eltern:<\/strong><ul><li><strong>R\u00fcde:<\/strong> Gauner vom Tanneneck<\/li><li><strong>H\u00fcndin:<\/strong> Franzi vom Norderdiek<\/li><\/ul><\/li><li><strong>Welpen:<\/strong><ul><li>3 R\u00fcden<\/li><li>3 H\u00fcndinnen<\/li><\/ul><\/li><li><strong>Besonderheiten:<\/strong><ul><li>Herausragendes Temperament, geeignet f\u00fcr aktive Familien oder Sport.<\/li><\/ul><\/li><\/ul>\n\n\n\n<h4><strong><a href=\"https:\/\/rottweilerzwinger-vom-deisterhorst.de\/?page_id=122\" data-type=\"page\" data-id=\"122\">Zucht 2019 &#8211; Wurfdatum: 18. Febraur 2019<\/a><\/strong><\/h4>\n\n\n\n<ul><li><strong>Eltern:<\/strong><ul><li><strong>R\u00fcde:<\/strong> Gollum vom Tanneneck<\/li><li><strong>H\u00fcndin:<\/strong> Franzi vom Norderdiek<\/li><\/ul><\/li><li><strong>Welpen:<\/strong><ul><li>4 R\u00fcden<\/li><li>2 H\u00fcndinnen<\/li><\/ul><\/li><li><strong>Besonderheiten:<\/strong><ul><li>Die Welpen zeigen eine starke Bindung zu Menschen und suchen aktiv die N\u00e4he, ideal f\u00fcr Familien oder Einzelpersonen.<\/li><\/ul><\/li><\/ul>\n","protected":false},"excerpt":{"rendered":"<p>Zucht Unsere Hundezucht legt gro\u00dfen Wert auf Gesundheit, Charakterst\u00e4rke und rassetypische Merkmale. Hier finden Sie eine \u00dcbersicht \u00fcber die letzten Zuchten, ihre Eltern sowie die Welpen. Wurfplanung 2024 Wir erwarten Anfang November 2024 einen Wurf von Neo vom K\u00f6nigsforst und Mandy vom Deisterhorst. Beide Elterntiere sind gesund und charakterstark, sodass wir vielversprechende Welpen f\u00fcr Familien &hellip;<\/p>\n<p class=\"read-more\"> <a class=\"\" href=\"https:\/\/rottweilerzwinger-vom-deisterhorst.de\/?page_id=294\"> <span class=\"screen-reader-text\">zucht<\/span> Weiterlesen &raquo;<\/a><\/p>\n","protected":false},"author":1,"featured_media":0,"parent":0,"menu_order":0,"comment_status":"closed","ping_status":"closed","template":"","meta":[],"_links":{"self":[{"href":"https:\/\/rottweilerzwinger-vom-deisterhorst.de\/index.php?rest_route=\/wp\/v2\/pages\/294"}],"collection":[{"href":"https:\/\/rottweilerzwinger-vom-deisterhorst.de\/index.php?rest_route=\/wp\/v2\/pages"}],"about":[{"href":"https:\/\/rottweilerzwinger-vom-deisterhorst.de\/index.php?rest_route=\/wp\/v2\/types\/page"}],"author":[{"embeddable":true,"href":"https:\/\/rottweilerzwinger-vom-deisterhorst.de\/index.php?rest_route=\/wp\/v2\/users\/1"}],"replies":[{"embeddable":true,"href":"https:\/\/rottweilerzwinger-vom-deisterhorst.de\/index.php?rest_route=%2Fwp%2Fv2%2Fcomments&post=294"}],"version-history":[{"count":10,"href":"https:\/\/rottweilerzwinger-vom-deisterhorst.de\/index.php?rest_route=\/wp\/v2\/pages\/294\/revisions"}],"predecessor-version":[{"id":320,"href":"https:\/\/rottweilerzwinger-vom-deisterhorst.de\/index.php?rest_route=\/wp\/v2\/pages\/294\/revisions\/320"}],"wp:attachment":[{"href":"https:\/\/rottweilerzwinger-vom-deisterhorst.de\/index.php?rest_route=%2Fwp%2Fv2%2Fmedia&parent=294"}],"curies":[{"name":"wp","href":"https:\/\/api.w.org\/{rel}","templated":true}]}}